 k. Let d be g(6). Calculate the greatest common factor of d and 7.
7
Suppose 4*u = -2*x + 216, u - 27 - 26 = -x. Calculate the highest common factor of u and 5.
5
Suppose 0 = 5*u - 4 - 6. Calculate the greatest common divisor of u and 14.
2
Suppose 0 = -3*o - 2 + 56. Calculate the greatest common factor of o and 27.
9
Suppose 42 = -19*k + 22*k. Suppose 2*z - 6*z - 2792 = 0. Let m be z/(-10) + (-3)/(-15). Calculate the greatest common factor of m and k.
14
Suppose 15 = 2*y - 3. What is the highest common divisor of y and 9?
9
Let a = -1 - -21. Calculate the greatest common factor of a and 20.
20
Let u be (15 - 12)*1*(-16)/(-2). Calculate the highest common divisor of u and 264.
24
Suppose 0 = -2*n + 8 + 4. Suppose 3*m - 10 = 2*t, -t = m + 3*t + n. What is the greatest common divisor of 2 and m?
2
Let f be 364/2 + 4 - -4. Let p = 487 - f. Calculate the highest common factor of 27 and p.
27
Let u(g) = g**3 - 3*g**2 - 2*g + 3. Let y be u(4). Let b be (-2)/2 - (-4 - 0). Let n be ((-704)/(-24))/(1/b). Calculate the highest common factor of n and y.
11
Let z be 3 - (-34)/((-2)/(-1)). Suppose 2*j + z = 4*j. Calculate the highest common factor of j and 10.
10
Suppose -4*l = 3*u - 116, 2*u + 2*u + 48 = l. Calculate the highest common factor of 48 and l.
16
Let x be (-9)/(3 + 54/(-16)). Suppose -5*g + x = -36. Suppose 2*r = g - 0. Calculate the highest common factor of r and 12.
6
Let o be (-57)/(-18) - (-5)/(-30). Suppose o*x - 28 - 14 = 0. What is the greatest common factor of 7 and x?
7
Let d(m) = m**3 - 4*m**2 - 8*m - 2. Suppose 24 = 5*j - j. Let r be d(j). What is the greatest common factor of 55 and r?
11
Let n be ((-65)/(-10))/(2/(-4)). Let r = 18 + n. What is the highest common factor of 25 and r?
5
Suppose -4*b - 64 = -8*b. What is the greatest common factor of b and 144?
16
Suppose 0 = h + 3*z - 5*z + 4, -4*h + 34 = 2*z. Calculate the highest common divisor of h and 3.
3
Let m(i) = i**3 + 6*i**2 + 3*i + 6. Let h be m(-4). Let o be (12/9 - 2)*-3. Suppose -2*g = o*g - 260. What is the highest common factor of h and g?
13
Suppose 6*s - 30 = 3*s. Let t = s + -5. Suppose 0*n - t*n = -375. Calculate the greatest common factor of 15 and n.
15
Let z(o) = o**2 - o - 15. Let u be z(5). What is the greatest common divisor of 45 and u?
5
Let u be (-10 - (-2)/2)*(-38)/57. Calculate the greatest common factor of u and 114.
6
Suppose -14 = -4*k + 10. Let o be (k/4)/(8/16). Suppose 8*m - b - 75 = o*m, 5*m + 5*b = 45. What is the greatest common factor of 42 and m?
14
Let h be (-50)/(-4) - (-3)/(-6). What is the greatest common divisor of 36 and h?
12
Let y(q) = q**2 + 2*q - 4. Let h be y(4). Let p be 53*3 - 2/(-2). What is the highest common divisor of h and p?
20
Let f(y) = 7*y**3 + 5*y + 468. Let l(g) = 3*g**3 + 2*g + 234. Let i(w) = -2*f(w) + 5*l(w). Let b be i(0). Calculate the highest common divisor of b and 26.
26
Suppose -3*j + 9 = -4*j. Suppose -5*f - 3 = 4*o, 4*o - 2*f = -6*f. Let i be (j/4)/(o/(-8)). Calculate the highest common divisor of i and 30.
6
Suppose -6 = 3*v - 54. Suppose -2*k - 3 + 35 = 0. What is the greatest common factor of v and k?
16
Suppose z - 30 = 4*z. Let j be (-1470)/(-20) + (-6)/4. Let a be 4/(-2) + z + j. Calculate the highest common divisor of a and 15.
15
Let h = 55 - -134. Suppose 2*r = 5*r - h. Calculate the greatest common factor of 42 and r.
21
Suppose -5*z - 3*k + k = -89, 4*z = k + 66. Let q = -10 + z. Let w be 12/14*(q + 0). Calculate the highest common divisor of w and 18.
6
Let p = 6 - 1. Let q = 21 - p. Calculate the highest common factor of 2 and q.
2
Let h be 16/12 - (2 + 132/(-9)). What is the greatest common factor of h and 35?
7
Let a be (-12)/(-10)*240/18. Calculate the greatest common divisor of a and 2.
2
Suppose -47 - 73 = -a. What is the highest common factor of 80 and a?
40
Suppose -28 + 4 = -o. Suppose -k = 3*k - 8. Suppose 14 = z + k. Calculate the highest common factor of o and z.
12
Let i(q) = -q**3 + 13*q**2 - 13*q - 15. Let k be i(11). What is the highest common divisor of 12 and k?
12
Let r(u) = u + 3. Let m be r(6). What is the greatest common factor of 18 and m?
9
Let d = -14 + 7. Let z be (-8)/20 - d/5. Calculate the highest common divisor of 1 and z.
1
Let w(u) = 28*u - 1. Let h be w(2). Let d = 0 + -8. Let q be d*1/((-4)/11). What is the highest common divisor of h and q?
11
Let z = 6 - 4. Suppose 3 = -2*j + 11. Let s be j/z + 36 - -1. Calculate the greatest common factor of 26 and s.
13
Suppose -2*h + 6*h = 48. Calculate the greatest common factor of 18 and h.
6
Let k = 51 - 22. Let r = 104 - k. Let u = 36 + -21. What is the greatest common factor of r and u?
15
Let u be 2565/20 - ((-2)/(-8) - 1). Calculate the highest common divisor of u and 43.
43
Let p be 3/(-6)*5*-2. Suppose -p*f = 19 - 64. Let j(k) = k - 1. Let u be j(4). What is the greatest common factor of f and u?
3
Let t be 40/25 - 6/(-15). Suppose -4*r = 4*l - 8, -t*l = 3*r - 0 - 2. Calculate the greatest common divisor of 1 and l.
1
Let h(y) = -y**2 + 5*y - 3. Suppose 7*m - 2*m - 15 = 0. Let d be h(m). Suppose q - 12 - 18 = -5*x, d*q - 15 = 0. What is the highest common divisor of 15 and x?
5
Let a = 54 + -33. Let z(o) = o + 15*o**2 + 2*o - 5 + 2. Let w be z(2). What is the highest common factor of w and a?
21
Let d(k) be the second derivative of -k**4/12 - 2*k**3 - 6*k**2 + 3*k. Let p be d(-9). Calculate the highest common factor of 45 and p.
15
Suppose -27*a = -932 - 4360. Let s = 58 + -30. What is the highest common factor of s and a?
28
Let h be (5/(-2))/(12/(-144)). What is the greatest common factor of h and 6?
6
Let g(y) = -10*y - 24. Let i be g(-12). Let z = -49 - -73. What is the highest common factor of z and i?
24
Let i = 0 - -2. Let y = 24 + -10. What is the highest common divisor of i and y?
2
Let h = 24 - 17. Calculate the greatest common factor of h and 7.
7
Let u be (-6 + 4)/2 - -2. What is the greatest common factor of u and 9?
1
Let c be ((-202)/(-6))/(1/12). Let a(j) = -j + 2. Let i be a(-2). Suppose 80 = i*o - c. Calculate the highest common factor of 11 and o.
11
Suppose 0 = -6*k + 74 + 184. Calculate the highest common factor of 387 and k.
43
Let q be (-2)/(3/(3/(-2))). What is the highest common factor of q and 7?
1
Let l = -101 - -130. What is the highest common divisor of 58 and l?
29
Suppose -2*k = t - 3*t - 144, 0 = t. Suppose -5*h + 3*h = -k. What is the greatest common divisor of 12 and h?
12
Let d = 63 + -23. Let h be (2 - -3) + 0 + 0. Calculate the highest common factor of d and h.
5
Suppose 3*q + 5 - 14 = 0. Suppose q*j - 11 - 34 = 0. Calculate the greatest common divisor of 75 and j.
15
Let j = 508 - 453. Let h be (2/3)/((-4)/(-30)). Suppose 3*l - 50 = -4*r, 55 = h*r + l - 2. What is the greatest common factor of j and r?
11
Let u(r) = 2*r**2 + 5*r - 4. Let x = -3 + -1. Let q be u(x). Suppose 4*f - 2*m = 324, 0 = -m + 5*m + 8. What is the greatest common factor of q and f?
8
Let p = 29 + 75. What is the greatest common factor of p and 13?
13
Let z(x) = x**2 + 4*x - 6. Let v be z(-6). Calculate the greatest common factor of v and 60.
6
Suppose 2*u - 56 = -4. Let y be 5466/30 + (-1)/5. Calculate the highest common divisor of u and y.
26
Suppose 0 = -4*c + 3*i - 5*i + 32, -34 = -5*c - 4*i. What is the highest common divisor of 90 and c?
10
Suppose -365 = -5*c + 5*b, 5*b - 12 = 13. Let l be (-2)/(-3) + c/18. What is the highest common factor of l and 25?
5
Let c be 2/2 + 0 + 1. Suppose c*v - 22 = -3*k, -10 = -2*k + v + 14. Let m be (-50)/3*(-48)/20. Calculate the highest common divisor of k and m.
10
Let a(i) = -9*i + 4. Let q be a(5). Let h = -24 - q. What is the highest common factor of h and 34?
17
Let s = -94 - -137. Let r = s - 29. Let i = 106 + -71. Calculate the highest common divisor of r and i.
7
Let a = -31 + 69. Calculate the highest common divisor of a and 57.
19
Suppose -4*m = -9*m - 15. Let y(h) = 21*h**2 - 2. Let t be y(m). Calculate the greatest common factor of t and 17.
17
Let u be (-132)/(-20) - (-3)/(-5). Let i = u - -13. Calculate the highest common factor of i and 19.
19
Suppose 0 = 4*p + t + 4*t - 116, p - 8 = 4*t. What is the greatest common divisor of 3 and p?
3
Suppose -2*j - 3*q = -32, -2*j + 5*q - 40 = -4*j. Let u = 3 + -3. Suppose -2*r = -4*z - u*r + 120, 2*r = 0. Wha